{"id":184,"date":"2020-03-18T11:19:55","date_gmt":"2020-03-18T10:19:55","guid":{"rendered":"http:\/\/ndbc.fr\/?page_id=184"},"modified":"2020-03-18T11:22:51","modified_gmt":"2020-03-18T10:22:51","slug":"paroisse-saint-francois-dassise","status":"publish","type":"page","link":"http:\/\/ndbc.fr\/?page_id=184","title":{"rendered":"Paroisse Saint Fran\u00e7ois d&#8217;Assise"},"content":{"rendered":"\n<div class=\"wp-block-image is-style-default\"><figure class=\"aligncenter size-large is-resized\"><img loading=\"lazy\" decoding=\"async\" src=\"http:\/\/ndbc.fr\/wp-content\/uploads\/2020\/03\/logo-paroisse.png\" alt=\"\" class=\"wp-image-185\" width=\"123\" height=\"130\" srcset=\"http:\/\/ndbc.fr\/wp-content\/uploads\/2020\/03\/logo-paroisse.png 450w, http:\/\/ndbc.fr\/wp-content\/uploads\/2020\/03\/logo-paroisse-284x300.png 284w\" sizes=\"auto, (max-width: 123px) 100vw, 123px\" \/><\/figure><\/div>\n\n\n\n<p class=\"has-medium-font-size\">Notre \u00e9cole est en lien tr\u00e8s \u00e9troit avec la paroisse Saint Fran\u00e7ois d&#8217;Assise qui regroupe les \u00e9glises Sainte Th\u00e9r\u00e8se ( Amiens Nord), Saint Pierre, de Camon, de Rivery et de Lamotte- Brebi\u00e8re. <\/p>\n\n\n\n<figure class=\"wp-block-image size-large\"><img loading=\"lazy\" decoding=\"async\" width=\"150\" height=\"150\" src=\"https:\/\/ndbc.fr\/wp-content\/uploads\/2020\/03\/POITOUTweb-150x150-1.jpg\" alt=\"\" class=\"wp-image-186\"\/><figcaption> <\/figcaption><\/figure>\n\n\n\n<p class=\"has-medium-font-size\">Le p\u00e8re Jean-Marie POITOUT nous accompagne au quotidien et assure avec les cat\u00e9chistes les temps de cat\u00e9ch\u00e8se dans l&#8217;\u00e9cole ainsi que les c\u00e9l\u00e9brations. <\/p>\n\n\n\n<p class=\"has-medium-font-size\">Pour retrouver toutes les informations sur la Paroisse, cliquez sur le lien suivant : <a href=\"https:\/\/www.amiens.catholique.fr\/les-paroisses\/secteur-1-amiens\/paroisse-saint-francois-dassise-amiens-nord\/\" target=\"_blank\" rel=\"noreferrer noopener\" aria-label=\"Paroisse Saint Fran\u00e7ois d'Assise (s\u2019ouvre dans un nouvel onglet)\">Paroisse Saint Fran\u00e7ois d&#8217;Assise<\/a> <\/p>\n","protected":false},"excerpt":{"rendered":"<p>Notre \u00e9cole est en lien tr\u00e8s \u00e9troit avec la paroisse Saint Fran\u00e7ois d&#8217;Assise qui regroupe les \u00e9glises Sainte Th\u00e9r\u00e8se ( Amiens Nord), Saint Pierre, de Camon, de Rivery et de Lamotte- Brebi\u00e8re. Le p\u00e8re Jean-Marie POITOUT nous accompagne au quotidien et assure avec les cat\u00e9chistes les temps de cat\u00e9ch\u00e8se dans l&#8217;\u00e9cole ainsi que les c\u00e9l\u00e9brations.&hellip; <\/p>\n","protected":false},"author":1,"featured_media":0,"parent":99,"menu_order":2,"comment_status":"closed","ping_status":"closed","template":"","meta":{"footnotes":""},"class_list":["post-184","page","type-page","status-publish","hentry"],"yoast_head":"<!-- This site is optimized with the Yoast SEO plugin v14.1 - https:\/\/yoast.com\/wordpress\/plugins\/seo\/ -->\n<title>Paroisse Saint Fran\u00e7ois d&#039;Assise -<\/title>\n<meta name=\"robots\" content=\"index, follow\" \/>\n<meta name=\"googlebot\" content=\"index, follow, max-snippet:-1, max-image-preview:large, max-video-preview:-1\" \/>\n<meta name=\"bingbot\" content=\"index, follow, max-snippet:-1, max-image-preview:large, max-video-preview:-1\" \/>\n<link rel=\"canonical\" href=\"https:\/\/ndbc.fr\/?page_id=184\" \/>\n<meta property=\"og:locale\" content=\"en_US\" \/>\n<meta property=\"og:type\" content=\"article\" \/>\n<meta property=\"og:title\" content=\"Paroisse Saint Fran\u00e7ois d&#039;Assise -\" \/>\n<meta property=\"og:description\" content=\"Notre \u00e9cole est en lien tr\u00e8s \u00e9troit avec la paroisse Saint Fran\u00e7ois d&#8217;Assise qui regroupe les \u00e9glises Sainte Th\u00e9r\u00e8se ( Amiens Nord), Saint Pierre, de Camon, de Rivery et de Lamotte- Brebi\u00e8re. Le p\u00e8re Jean-Marie POITOUT nous accompagne au quotidien et assure avec les cat\u00e9chistes les temps de cat\u00e9ch\u00e8se dans l&#8217;\u00e9cole ainsi que les c\u00e9l\u00e9brations.&hellip;\" \/>\n<meta property=\"og:url\" content=\"https:\/\/ndbc.fr\/?page_id=184\" \/>\n<meta property=\"article:publisher\" content=\"https:\/\/www.facebook.com\/Notre-Dame-Du-Bon-Conseil-570310056457481\/\" \/>\n<meta property=\"article:modified_time\" content=\"2020-03-18T10:22:51+00:00\" \/>\n<meta property=\"og:image\" content=\"http:\/\/ndbc.fr\/wp-content\/uploads\/2020\/03\/logo-paroisse.png\" \/>\n<meta name=\"twitter:card\" content=\"summary_large_image\" \/>\n<script type=\"application\/ld+json\" class=\"yoast-schema-graph\">{\"@context\":\"https:\/\/schema.org\",\"@graph\":[{\"@type\":\"Organization\",\"@id\":\"http:\/\/ndbc.fr\/#organization\",\"name\":\"Ecole Notre Dame du Bon Conseil AMIENS\",\"url\":\"http:\/\/ndbc.fr\/\",\"sameAs\":[\"https:\/\/www.facebook.com\/Notre-Dame-Du-Bon-Conseil-570310056457481\/\"],\"logo\":{\"@type\":\"ImageObject\",\"@id\":\"http:\/\/ndbc.fr\/#logo\",\"inLanguage\":\"en-US\",\"url\":\"http:\/\/ndbc.fr\/wp-content\/uploads\/2020\/03\/Fichier-1.png\",\"width\":238,\"height\":512,\"caption\":\"Ecole Notre Dame du Bon Conseil AMIENS\"},\"image\":{\"@id\":\"http:\/\/ndbc.fr\/#logo\"}},{\"@type\":\"WebSite\",\"@id\":\"http:\/\/ndbc.fr\/#website\",\"url\":\"http:\/\/ndbc.fr\/\",\"name\":\"\",\"description\":\"Ecole et Coll\\u00e8ge\",\"publisher\":{\"@id\":\"http:\/\/ndbc.fr\/#organization\"},\"potentialAction\":[{\"@type\":\"SearchAction\",\"target\":\"http:\/\/ndbc.fr\/?s={search_term_string}\",\"query-input\":\"required name=search_term_string\"}],\"inLanguage\":\"en-US\"},{\"@type\":\"ImageObject\",\"@id\":\"https:\/\/ndbc.fr\/?page_id=184#primaryimage\",\"inLanguage\":\"en-US\",\"url\":\"http:\/\/ndbc.fr\/wp-content\/uploads\/2020\/03\/logo-paroisse.png\",\"width\":450,\"height\":475},{\"@type\":\"WebPage\",\"@id\":\"https:\/\/ndbc.fr\/?page_id=184#webpage\",\"url\":\"https:\/\/ndbc.fr\/?page_id=184\",\"name\":\"Paroisse Saint Fran\\u00e7ois d'Assise -\",\"isPartOf\":{\"@id\":\"http:\/\/ndbc.fr\/#website\"},\"primaryImageOfPage\":{\"@id\":\"https:\/\/ndbc.fr\/?page_id=184#primaryimage\"},\"datePublished\":\"2020-03-18T10:19:55+00:00\",\"dateModified\":\"2020-03-18T10:22:51+00:00\",\"breadcrumb\":{\"@id\":\"https:\/\/ndbc.fr\/?page_id=184#breadcrumb\"},\"inLanguage\":\"en-US\",\"potentialAction\":[{\"@type\":\"ReadAction\",\"target\":[\"https:\/\/ndbc.fr\/?page_id=184\"]}]},{\"@type\":\"BreadcrumbList\",\"@id\":\"https:\/\/ndbc.fr\/?page_id=184#breadcrumb\",\"itemListElement\":[{\"@type\":\"ListItem\",\"position\":1,\"item\":{\"@type\":\"WebPage\",\"@id\":\"https:\/\/ndbc.fr\/\",\"url\":\"https:\/\/ndbc.fr\/\",\"name\":\"Accueil\"}},{\"@type\":\"ListItem\",\"position\":2,\"item\":{\"@type\":\"WebPage\",\"@id\":\"https:\/\/ndbc.fr\/?page_id=99\",\"url\":\"https:\/\/ndbc.fr\/?page_id=99\",\"name\":\"Pastorale\"}},{\"@type\":\"ListItem\",\"position\":3,\"item\":{\"@type\":\"WebPage\",\"@id\":\"https:\/\/ndbc.fr\/?page_id=184\",\"url\":\"https:\/\/ndbc.fr\/?page_id=184\",\"name\":\"Paroisse Saint Fran\\u00e7ois d&#8217;Assise\"}}]}]}<\/script>\n<!-- \/ Yoast SEO plugin. -->","_links":{"self":[{"href":"http:\/\/ndbc.fr\/index.php?rest_route=\/wp\/v2\/pages\/184","targetHints":{"allow":["GET"]}}],"collection":[{"href":"http:\/\/ndbc.fr\/index.php?rest_route=\/wp\/v2\/pages"}],"about":[{"href":"http:\/\/ndbc.fr\/index.php?rest_route=\/wp\/v2\/types\/page"}],"author":[{"embeddable":true,"href":"http:\/\/ndbc.fr\/index.php?rest_route=\/wp\/v2\/users\/1"}],"replies":[{"embeddable":true,"href":"http:\/\/ndbc.fr\/index.php?rest_route=%2Fwp%2Fv2%2Fcomments&post=184"}],"version-history":[{"count":4,"href":"http:\/\/ndbc.fr\/index.php?rest_route=\/wp\/v2\/pages\/184\/revisions"}],"predecessor-version":[{"id":190,"href":"http:\/\/ndbc.fr\/index.php?rest_route=\/wp\/v2\/pages\/184\/revisions\/190"}],"up":[{"embeddable":true,"href":"http:\/\/ndbc.fr\/index.php?rest_route=\/wp\/v2\/pages\/99"}],"wp:attachment":[{"href":"http:\/\/ndbc.fr\/index.php?rest_route=%2Fwp%2Fv2%2Fmedia&parent=184"}],"curies":[{"name":"wp","href":"https:\/\/api.w.org\/{rel}","templated":true}]}}